
What is 9 + 20 - ((5 + 11 - 19) + 17)?
15
What is (-8 - 1) + -13 + (104 - 50) + -41?
-9
Calculate -37 + (3 + -39 + -4 - 41).
-118
What is 23 - (5 - -15 - 4) - (-4 + -76)?
87
What is -11 + -1 + 21 - (101 + -43)?
-49
Evaluate -7 + -15 + -20 + (6 - 11) + 0.
-47
Evaluate 9 - (6 + (3 - -1) - 15 - -10 - -17).
-13
Calculate -10 + -19 + 10 + -58 + 4 + -21.
-94
Evaluate 7 + (-45 - (11 + 18)) + -1 + -6.
-74
30 - (1 - (8 - 13) - (0 + -8))
16
-12 - ((21 - -36) + -122)
53
Calculate 13 + (24 - (29 - (10 - -11))).
29
Calculate -7 + (12 + -15 - 3 - -12) + 9.
8
What is the value of 35 - (4 + 7 + (-14 - (17 + -17)))?
38
What is -5 + (33 + -39 - ((12 - 13) + (-111 - 2)))?
103
(3 - -20 - 4) + 49 + -37
31
What is (1 + -1 + (-28 - -42) - 12) + (24 - -4)?
30
What is the value of 96 + (-53 - (-11 + -25 - -9))?
70
What is -47 + 8 - 60 - -184?
85
What is 368 - 368 - (-6 + -2 + 5 + (-5 - -3))?
5
What is -145 + 0 + 2 + (2533 - 2497)?
-107
(123 + -258 - -123) + 69 + (-2 - -3)
58
Calculate (-3 - -1) + 46 + -72 + 11 + -9.
-26
Calculate -1712 + 1748 + -11 + 1.
26
What is the value of 26 + -1 - (-3223 - -3318)?
-70
Calculate (-124 - -23) + 104 + (20 - 2) - 25.
-4
Evaluate (1 - (-1 - 2 - -6)) + (4 - -11) + 8.
21
Calculate 18 - (-10 - (25 + -51)).
2
Evaluate (-3 - -6 - 8) + (301 - 286) + (2 - 108).
-96
-2 + 85 + 3117 + -3192
8
What is the value of 8 - (-49 + (-60 - -102) + (1 - (-46 - -2)))?
-30
What is (-4 - (-7 - -10)) + (27 - (0 + 9)) + 4?
15
Evaluate (-58 - (76 + -237)) + -215.
-112
What is 37 - -27 - (37 - 0)?
27
Evaluate (20 - 36 - -35) + -63 + 11.
-33
What is the value of (0 - 113) + (-1128 - -1239)?
-2
What is the value of (23 - 106) + 55 - (7 + 13)?
-48
Evaluate -166 + 146 + 63 + -2 + -51.
-10
-68 - 5 - -95 - -31
53
17 - (-27 + 5 + (13 - -74))
-48
What is the value of (21 - -1) + (-2 - (15 - 0))?
5
What is -3 - -43 - (4 + -2) - (-21 - -16)?
43
Evaluate -106 - (-177 + 119 - -38).
-86
What is -204 - (-114 + -53 - -49)?
-86
Evaluate 18 - (-13 - -29 - (52 + -44)).
10
What is -9 + (-8 + -4 - -1 - 9)?
-29
What is 17 - (17 - (27 - 14) - (1 + 2 + -1))?
15
What is -9 + (3 - (-11 + -6)) + -3 + (10 - -116)?
134
What is (283 - 329) + (-5 - 2 - 1)?
-54
Calculate 105 - (14 - (-11 + -7 + 28) - (-15 + 20)).
106
What is -3208 + 3042 - (-105 + 0)?
-61
What is the value of -28 + -1 + -4 + (-3 - 2) + (-516 - -516)?
-38
Calculate -101 + 18 + -1 - (11 - -6 - 25).
-76
What is the value of 212 + -104 + -98 + -21?
-11
Evaluate -8 + (5 - 1) + (68 - (72 + -90)).
82
What is (10 - (21 + -25 + 14)) + 6?
6
3 - -44 - (95 - 79)
31
87 + 54 - (37 + 39)
65
Evaluate -34 - (-6 + (5 + -4 - -28)).
-57
What is the value of 47 - (-40 - -125) - -115?
77
What is 6 - -44 - (-4 + -2) - (-4 + 16)?
44
What is -60 - (-152 + 156 + (-7 - 11))?
-46
Calculate -28 + (-4 - -18 - (52 + -30)).
-36
-13 + -2 + (-17 - (7 - (2 - (-8 - 2))))
-27
What is (-47 - -9) + 4 + 24 - -35?
25
-2224 + 2192 + (50 - 3)
15
Evaluate (79 - 0) + (-9 - 4) - (-3 - 10).
79
Evaluate 11 - ((5 - ((0 - 14 - -22) + -5)) + -49).
58
What is the value of -50 + 29 + 105 + 14?
98
What is the value of -2 + -2 + 19 + -6 + (-41 - 14 - -50)?
4
What is the value of -139 + (-9 - 3 - 4) + (30 - 0)?
-125
What is 1 + 30 + -16834 + 16878?
75
-41 + 69 + (-13 - 4) - 24 - (-4 + 72)
-81
What is the value of 32 + -25 + -31 + 23 - (12 - 0 - -3)?
-16
What is the value of -1 + 34 + (16 - (-7 + -7) - 24)?
39
Calculate (-43 - -100) + 7 + -20.
44
Calculate -87 + 167 + -96 - (1 + 2 + -126).
107
What is (-21 - (-78 + 50)) + -20?
-13
Calculate (-179 + 120 - 123) + 142.
-40
What is -102 + 139 + (-10 + 9 - 7)?
29
Evaluate -2 - 2 - (31 - ((40 - 18) + 68)).
55
32 + (1 - -39) + (-8 - (3 - 1)) + 1
63
Evaluate 13 + -5 + (-6 - 3) + -12 + -20 + 50.
17
What is the value of -21 - -18 - (11 + (26 - (-4 - 5)) + -7)?
-42
Evaluate 57 - ((0 + 5 - (-9 - -8)) + (2 - 9)).
58
Evaluate (38 + -2 + (18 - 15) - 14) + 7.
32
What is the value of -10 - (-124 - (0 - -16 - (20 - 5 - 0)))?
115
What is 13 + -2 - ((-17 - (1 + -31)) + 8) - 113?
-123
Calculate (-192 - -117) + 174 + -146.
-47
-2 + (1 - -24) - (118 + -211 + 102)
14
What is (11 - (2 - (4 + (-1 - 8))) - 36) + 6?
-26
Evaluate -2724 + 2706 + -2 + 2 + 10 + 3 + -5.
-10
Calculate -48 + 36 + 60 - 10.
38
Calculate (-3 - 1) + 13 - (51 - (-3 - 0)).
-45
Evaluate (-40 - -16) + 40 - (-1 + 52 - 3).
-32
Evaluate (-7 + -1 + -35 + 6 - 14) + 4.
-47
Evaluate 14 - -24 - (3 - 9) - 5.
39
Evaluate -67 + 61 + (-21 - -10 - -15).
-2
Evaluate (32 - (-26 - 15)) + -63.
10
-32 - -23 - -11 - -9 - (-3 - 61)
75
(-215 - -98) + 120 + (-2 - 2)
-1
Evaluate (-48 - -96) + -81 - -45.
12
What is the value of 28 - 3 - (58 + -96 + 148)?
-85
What is the value of 11 + (0 - 1) + (38 - (-81 + 50 + 58))?
21
(24 - 16) + (-48 - 3)
-43
What is the value of 0 + -3 - ((-52 - -22) + 13)?
14
What is -15 - ((-24 - -39) + -67)?
37
Evaluate 18 + 22 + 5 - 74.
-29
What is -226 + 233 - (-4 + 5 + -42)?
48
Calculate 418 + -414 - ((2 - 69) + 5).
66
Evaluate (89 - (84 + 15)) + (-17 - 1).
-28
(70 - 57 - (14 - (-7 - -3))) + 39
34
What is the value of -11 + (15 + 24 + -17 + 41 - 18)?
34
Calculate (-7 - -2) + -6 + (17 - 10) + -12 + -1.
-17
0 + -35 - (-138 - -4 - -145)
-46
Evaluate -38 - (86 + -24 + -56).
-44
Evaluate 24 + 0 + (-163 - (-20 - (-10 - -5))).
-124
What is 53 + -41 - -54 - 143?
-77
Evaluate 12 - ((93 + -88 - (-4 + 1)) + 0 + -6).
10
What is 66 - (85 - 35) - (3 - (-1 - 1))?
11
Calculate -2 + 33 + -38 + 20 + 1 + -1 + -1.
12
What is -3 - (52 - 45 - (-2 + (15 - 10)))?
-7
Calculate 16 - (-11 - (-28 + 15 - -33)) - 13.
34
Calculate -12 + (-2 + 7 - -1) + (-27 - -69).
36
Calculate (-115 - 1) + (-15164 - -15370).
90
Evaluate -91 + 181 + -6 + -61.
23
145 - ((-152 - -66) + 152)
79
What is -61 + 20 + (8 - 13) + 18?
-28
Calculate 7 + -8 + 16 + 2 - (159 - 147).
5
34 + (34 + -9 - 19) + 11
51
What is 103 - (4 + -135 + 141)?
93
What is the value of -133 - 13 - (723 - 805)?
-64
Evaluate 25 + -1 + 23 + -78 + 73.
42
-44 + 26 + 4 + -33
-47
(-53 - -1) + 372 + -325
-5
Calculate (15 - 1 - -2) + -9 + 29 + -73.
-37
What is -33 - (63 - 32) - -29 - (-1 - -3)?
-37
Evaluate -7 + 4 - -4 - -13 - (37 - 117) - 2.
92
What is 17 - (34 - 27 - 76) - (2 - (-7 - -4))?
81
What is the value of 21 + -28 + -6 + 20 - (-6 - -7 - 46)?
52
Calculate 9 - (-15 + 17 + -1) - (3 + 1) - -5.
9
What is the value of 23 + 3 + -21 + (-61 - -36)?
-20
6 - 29 - -14 - (-9 - 0 - (-27 - 26))
-53
Evaluate -33 + (-11 - -6) + -23 + 19.
-42
What is (-19 + 8 - (0 + -1) - -1) + 23 - 0?
14
-20 + -1 + (1142 - 1149) - -78
50
Calculate 8598 - 8535 - (3 + -2 + 21).
41
What is the value of -46 + (-35 - -23) + -7 + 27?
-38
Calculate 53 + 9 + -69 + (11 - (0 + -3)).
7
What is the value of 19 - (-24 + 120 - 23 - -13)?
-67
-79 - (168 - (18 + 141) - (0 + 4 + -1))
-85
What is 13 - 3 - ((-19 - -13) + 20 - 26)?
22
Calculate 30 - (17 - (-8 + (-10 - (-5 + 4 - 26)))).
22
-5 + ((-15 + 2 - 19) + -16 - 10)
-63
What is 46 - (80 + (-66 - -36)) - (26 - (-1 + 1))?
-30
Evaluate (98 - 19) + (84 - 80).
83
What is the value of 27 + (-40 - -21) + (0 - -3) - 117?
-106
-3 - (-14 + (-25 - -16) + -28)
48
Calculate (-12 - -20 - -14) + -5 - 83.
-66
Calculate 25 - ((8 - -6) + -1 + -1 + -5 + 3).
15
What is 38 - (-44 - -90) - (-43 - -1)?
34
-5433 - -5443 - (-1 + 59 + (3 - 1))
-50
Calculate -82 - -1 - ((-41 - -9 - -4) + 173 + -146).
-80
What is (-18 - (14 - 34) - (-2 - -10)) + 29 - -1?
24
Evaluate -85 + 36 + (7 - 6) + 15 + -20.
-53
Calculate 0 + -1 + ((-39 - -103) + -32 - -40).
71
Evaluate (31 - 2) + -1450 + 1425.
4
What is the value of (26 - 16) + (-61 - (6 - -1))?
-58
38 - (86 - 42) - -17
11
0 + 12 - 5 - (338 + -366 + -1 + 144)
-108
Evaluate -6 + (12 - (-3 - (-3 - -32 - -10))).
48
Calculate -10 + (58 - (-38 - -63)).
23
8 - (0 - 2 - 81 - (-71 + -31 + 105))
94
What is 11 - (-2 - (18 + 39 + -42))?
28
-2808 - -2873 - (-18 + -1)
84
What is the value of 37 - (-15 + 4 + 4 - -22)?
22
Calculate -16 + 1 - (4 - 5) - (-11 - 46).
43
Evaluate ((-5 - (-9 - 33)) + -2 - 9 - -5) + 10.
41
Calculate (33 - (68 + -65)) + 31 + 1 + 17.
79
-117 + -1 - (8172 - 8200)
-90
Evaluate -35 - (57 - (32 + 120)).
60
What is 107 + -10 + 10 + (3 + 8 - 14) + 1?
105
Calculate -36 + 5 + 4 + 6.
-21
Evaluate 12 + (5 - (8 + 9 - 10) - 16) + 10.
4
Evaluate (-10 - 4) + (-19 - (-33 - -11)) - (1 - -19).
-31
Calculate -89 + 299 + -242 - (0 + 1 - -2).
-35
What is